{"id":736,"date":"2022-03-21T16:41:41","date_gmt":"2022-03-21T16:41:41","guid":{"rendered":"https:\/\/tim.cegep-lanaudiere.qc.ca\/multisites\/tim2-dev\/?page_id=736"},"modified":"2022-03-25T14:23:32","modified_gmt":"2022-03-25T14:23:32","slug":"creation-de-site-web","status":"publish","type":"page","link":"https:\/\/tim.cegep-lanaudiere.qc.ca\/multisites\/tim2-dev\/creation-de-site-web\/","title":{"rendered":"Cr\u00e9ation de site web"},"content":{"rendered":"\n<div class=\"wp-block-cover is-light\"><span aria-hidden=\"true\" class=\"wp-block-cover__gradient-background has-background-dim\"><\/span><img loading=\"lazy\" decoding=\"async\" width=\"1024\" height=\"690\" class=\"wp-block-cover__image-background wp-image-733\" alt=\"\" src=\"https:\/\/tim.cegep-lanaudiere.qc.ca\/multisites\/tim2-dev\/wp-content\/uploads\/sites\/4\/2022\/03\/undraw_Website_setup_re_d4y9-1024x690-1.png\" data-object-fit=\"cover\" srcset=\"https:\/\/tim.cegep-lanaudiere.qc.ca\/multisites\/tim2-dev\/files\/2022\/03\/undraw_Website_setup_re_d4y9-1024x690-1.png 1024w, https:\/\/tim.cegep-lanaudiere.qc.ca\/multisites\/tim2-dev\/files\/2022\/03\/undraw_Website_setup_re_d4y9-1024x690-1-300x202.png 300w, https:\/\/tim.cegep-lanaudiere.qc.ca\/multisites\/tim2-dev\/files\/2022\/03\/undraw_Website_setup_re_d4y9-1024x690-1-768x518.png 768w\" sizes=\"(max-width: 1024px) 100vw, 1024px\" \/><div class=\"wp-block-cover__inner-container is-layout-flow wp-block-cover-is-layout-flow\">\n<p class=\"has-text-align-center has-white-color has-text-color has-large-font-size\">Cr\u00e9ation de site web<\/p>\n<\/div><\/div>\n\n\n\n<div class=\"wp-block-image\"><figure class=\"aligncenter\"><img decoding=\"async\" src=\"https:\/\/agence.tim.cegep-lanaudiere.qc.ca\/wp-content\/uploads\/2021\/05\/undraw_Website_setup_re_d4y9-1024x690-1.png\" alt=\"cr\u00e9ation site web\" \/><\/figure><\/div>\n\n\n\n<h3 class=\"wp-block-heading\" id=\"la-creation-d-un-site-web\">La cr\u00e9ation d\u2019un site web<\/h3>\n\n\n\n<p class=\"has-medium-font-size\">Vous d\u00e9sirez mettre en place un site web que vous pourrez g\u00e9rer vous-m\u00eame?<\/p>\n\n\n\n<p class=\"has-medium-font-size\">Vous voulez assurer la pr\u00e9sence web de votre organisation ou de votre projet?<\/p>\n\n\n\n<p class=\"has-medium-font-size\">Profitez de la libert\u00e9 et de la flexibilit\u00e9 de cr\u00e9er et g\u00e9rer vous-m\u00eame votre pr\u00e9sence num\u00e9rique.<\/p>\n\n\n\n<h2 class=\"wp-block-heading\" id=\"qu-est-ce-qu-un-site-web\">Qu\u2019est-ce qu\u2019un site web?<\/h2>\n\n\n\n<p class=\"has-medium-font-size\">Un site web, ou site Internet, est d\u00e9fini comme un :<\/p>\n\n\n\n<blockquote class=\"wp-block-quote has-medium-font-size\"><p>Ensemble de documents et d\u2019applications plac\u00e9s sous une m\u00eame autorit\u00e9 et accessibles par la toile \u00e0 partir d\u2019une m\u00eame adresse universelle.&nbsp;<\/p><cite>Source :&nbsp;<a href=\"https:\/\/www.oqlf.gouv.qc.ca\/accueil.aspx\">Office qu\u00e9b\u00e9cois de la langue fran\u00e7aise<\/a><\/cite><\/blockquote>\n\n\n\n<h2 class=\"wp-block-heading\" id=\"notre-offre\">Notre offre<\/h2>\n\n\n\n<p class=\"has-medium-font-size\">L\u2019\u00e9quipe de l\u2019Agence TIM vous aidera \u00e0 choisir, implanter, configurer et adapter un site web adapt\u00e9 \u00e0 votre organisation. Nous serons pr\u00e9sents \u00e0 chaque \u00e9tape pour vous conseiller, proposer des alternatives et vous aider lors des prises de d\u00e9cisions d\u2019ordre plus techniques qui influenceront le r\u00e9sultat.<\/p>\n\n\n\n<div class=\"wp-block-image\"><figure class=\"aligncenter\"><img decoding=\"async\" src=\"https:\/\/agence.tim.cegep-lanaudiere.qc.ca\/wp-content\/uploads\/2021\/12\/arret-francais-page-accueil-site-web-1024x460.png\" alt=\"\" class=\"wp-image-2179\" \/><figcaption>Exemple de r\u00e9alisation d\u2019un site web par les \u00e9tudiants de l\u2019agence TIM<\/figcaption><\/figure><\/div>\n\n\n\n<h2 class=\"wp-block-heading\" id=\"ce-que-nous-offrons\">Ce que nous offrons<\/h2>\n\n\n\n<p class=\"has-medium-font-size\">Notre \u00e9quipe d\u2019\u00e9tudiants chevronn\u00e9e, assist\u00e9e par les enseignants du programme, vous accompagnera tout au long du projet en offrant :<\/p>\n\n\n\n<p class=\"has-medium-font-size\">\u2022 Un accompagnement dans le choix de votre logiciel de cr\u00e9ation<\/p>\n\n\n\n<p class=\"has-medium-font-size\">\u2022 Un accompagnement dans la cr\u00e9ation de votre identit\u00e9 num\u00e9rique : h\u00e9bergement, nom de domaine,<\/p>\n\n\n\n<p class=\"has-medium-font-size\">\u2022 La recension des besoins et des utilisateurs<\/p>\n\n\n\n<p class=\"has-medium-font-size\">\u2022 La cr\u00e9ation d\u2019une arborescence et d\u2019une navigation adapt\u00e9e \u00e0 votre public cible<\/p>\n\n\n\n<p class=\"has-medium-font-size\">\u2022 La cr\u00e9ation d\u2019un tableau d\u2019inspiration, d\u2019esquisses et d\u2019une maquette pour valider les orientations.<\/p>\n\n\n\n<p class=\"has-medium-font-size\">\u2022 L\u2019implantation d\u2019un site Internet fiable, facile, reconnu et personnalisable<\/p>\n\n\n\n<p class=\"has-medium-font-size\">\u2022 L\u2019adaptation d\u2019un th\u00e8me et des extensions pertinentes \u00e0 vos activit\u00e9s<\/p>\n\n\n\n<p class=\"has-medium-font-size\">\u2022 L\u2019int\u00e9gration et l\u2019optimisation des m\u00e9dias pour le r\u00e9f\u00e9rencement web<\/p>\n\n\n\n<p class=\"has-medium-font-size\">\u2022 La cr\u00e9ation de pages optimis\u00e9es pour le r\u00e9f\u00e9rencement dans les moteurs de recherche en plus de l\u2019indexation dans les moteurs de recherche<\/p>\n\n\n\n<p class=\"has-medium-font-size\">\u2022 La mise en ligne du site<\/p>\n\n\n\n<p class=\"has-medium-font-size\">\u2022 La documentation illustr\u00e9e et le support n\u00e9cessaire \u00e0 l\u2019utilisation de votre site.<\/p>\n\n\n\n<p class=\"has-medium-font-size\"> \u2022 L\u2019int\u00e9gration des m\u00e9dias<\/p>\n\n\n\n<div style=\"height:100px\" aria-hidden=\"true\" class=\"wp-block-spacer\"><\/div>\n\n\n\n<ul class=\"wp-block-social-links aligncenter has-normal-icon-size has-icon-color has-icon-background-color is-style-pill-shape is-horizontal is-content-justification-center is-layout-flex wp-container-core-social-links-layout-1 wp-block-social-links-is-layout-flex\"><li style=\"color: #ffffff; background-color: #6a1413; \" class=\"wp-social-link wp-social-link-facebook has-white-color bouton wp-block-social-link\"><a rel=\" noopener nofollow\" target=\"_blank\" href=\"https:\/\/www.facebook.com\/TIMassomption\/\" class=\"wp-block-social-link-anchor\"><svg width=\"24\" height=\"24\" viewBox=\"0 0 24 24\" version=\"1.1\" xmlns=\"http:\/\/www.w3.org\/2000\/svg\" aria-hidden=\"true\" focusable=\"false\"><path d=\"M12 2C6.5 2 2 6.5 2 12c0 5 3.7 9.1 8.4 9.9v-7H7.9V12h2.5V9.8c0-2.5 1.5-3.9 3.8-3.9 1.1 0 2.2.2 2.2.2v2.5h-1.3c-1.2 0-1.6.8-1.6 1.6V12h2.8l-.4 2.9h-2.3v7C18.3 21.1 22 17 22 12c0-5.5-4.5-10-10-10z\"><\/path><\/svg><span class=\"wp-block-social-link-label screen-reader-text\">Facebook<\/span><\/a><\/li>\n\n<li style=\"color: #ffffff; background-color: #6a1413; \" class=\"wp-social-link wp-social-link-instagram has-white-color bouton wp-block-social-link\"><a rel=\" noopener nofollow\" target=\"_blank\" href=\"https:\/\/www.instagram.com\/timassomption\/\" class=\"wp-block-social-link-anchor\"><svg width=\"24\" height=\"24\" viewBox=\"0 0 24 24\" version=\"1.1\" xmlns=\"http:\/\/www.w3.org\/2000\/svg\" aria-hidden=\"true\" focusable=\"false\"><path d=\"M12,4.622c2.403,0,2.688,0.009,3.637,0.052c0.877,0.04,1.354,0.187,1.671,0.31c0.42,0.163,0.72,0.358,1.035,0.673 c0.315,0.315,0.51,0.615,0.673,1.035c0.123,0.317,0.27,0.794,0.31,1.671c0.043,0.949,0.052,1.234,0.052,3.637 s-0.009,2.688-0.052,3.637c-0.04,0.877-0.187,1.354-0.31,1.671c-0.163,0.42-0.358,0.72-0.673,1.035 c-0.315,0.315-0.615,0.51-1.035,0.673c-0.317,0.123-0.794,0.27-1.671,0.31c-0.949,0.043-1.233,0.052-3.637,0.052 s-2.688-0.009-3.637-0.052c-0.877-0.04-1.354-0.187-1.671-0.31c-0.42-0.163-0.72-0.358-1.035-0.673 c-0.315-0.315-0.51-0.615-0.673-1.035c-0.123-0.317-0.27-0.794-0.31-1.671C4.631,14.688,4.622,14.403,4.622,12 s0.009-2.688,0.052-3.637c0.04-0.877,0.187-1.354,0.31-1.671c0.163-0.42,0.358-0.72,0.673-1.035 c0.315-0.315,0.615-0.51,1.035-0.673c0.317-0.123,0.794-0.27,1.671-0.31C9.312,4.631,9.597,4.622,12,4.622 M12,3 C9.556,3,9.249,3.01,8.289,3.054C7.331,3.098,6.677,3.25,6.105,3.472C5.513,3.702,5.011,4.01,4.511,4.511 c-0.5,0.5-0.808,1.002-1.038,1.594C3.25,6.677,3.098,7.331,3.054,8.289C3.01,9.249,3,9.556,3,12c0,2.444,0.01,2.751,0.054,3.711 c0.044,0.958,0.196,1.612,0.418,2.185c0.23,0.592,0.538,1.094,1.038,1.594c0.5,0.5,1.002,0.808,1.594,1.038 c0.572,0.222,1.227,0.375,2.185,0.418C9.249,20.99,9.556,21,12,21s2.751-0.01,3.711-0.054c0.958-0.044,1.612-0.196,2.185-0.418 c0.592-0.23,1.094-0.538,1.594-1.038c0.5-0.5,0.808-1.002,1.038-1.594c0.222-0.572,0.375-1.227,0.418-2.185 C20.99,14.751,21,14.444,21,12s-0.01-2.751-0.054-3.711c-0.044-0.958-0.196-1.612-0.418-2.185c-0.23-0.592-0.538-1.094-1.038-1.594 c-0.5-0.5-1.002-0.808-1.594-1.038c-0.572-0.222-1.227-0.375-2.185-0.418C14.751,3.01,14.444,3,12,3L12,3z M12,7.378 c-2.552,0-4.622,2.069-4.622,4.622S9.448,16.622,12,16.622s4.622-2.069,4.622-4.622S14.552,7.378,12,7.378z M12,15 c-1.657,0-3-1.343-3-3s1.343-3,3-3s3,1.343,3,3S13.657,15,12,15z M16.804,6.116c-0.596,0-1.08,0.484-1.08,1.08 s0.484,1.08,1.08,1.08c0.596,0,1.08-0.484,1.08-1.08S17.401,6.116,16.804,6.116z\"><\/path><\/svg><span class=\"wp-block-social-link-label screen-reader-text\">Instagram<\/span><\/a><\/li>\n\n<li style=\"color: #ffffff; background-color: #6a1413; \" class=\"wp-social-link wp-social-link-youtube has-white-color bouton wp-block-social-link\"><a rel=\" noopener nofollow\" target=\"_blank\" href=\"https:\/\/www.youtube.com\/channel\/UC56MCFkscANgxW2vxW_8GHA\" class=\"wp-block-social-link-anchor\"><svg width=\"24\" height=\"24\" viewBox=\"0 0 24 24\" version=\"1.1\" xmlns=\"http:\/\/www.w3.org\/2000\/svg\" aria-hidden=\"true\" focusable=\"false\"><path d=\"M21.8,8.001c0,0-0.195-1.378-0.795-1.985c-0.76-0.797-1.613-0.801-2.004-0.847c-2.799-0.202-6.997-0.202-6.997-0.202 h-0.009c0,0-4.198,0-6.997,0.202C4.608,5.216,3.756,5.22,2.995,6.016C2.395,6.623,2.2,8.001,2.2,8.001S2,9.62,2,11.238v1.517 c0,1.618,0.2,3.237,0.2,3.237s0.195,1.378,0.795,1.985c0.761,0.797,1.76,0.771,2.205,0.855c1.6,0.153,6.8,0.201,6.8,0.201 s4.203-0.006,7.001-0.209c0.391-0.047,1.243-0.051,2.004-0.847c0.6-0.607,0.795-1.985,0.795-1.985s0.2-1.618,0.2-3.237v-1.517 C22,9.62,21.8,8.001,21.8,8.001z M9.935,14.594l-0.001-5.62l5.404,2.82L9.935,14.594z\"><\/path><\/svg><span class=\"wp-block-social-link-label screen-reader-text\">YouTube<\/span><\/a><\/li><\/ul>\n","protected":false},"excerpt":{"rendered":"<p>La cr\u00e9ation d\u2019un site web Vous d\u00e9sirez mettre en place un site web que vous pourrez g\u00e9rer vous-m\u00eame? Vous voulez assurer la pr\u00e9sence web de votre organisation ou de votre&#8230;<\/p>\n<div class=\"royalwp-readmore-wrap\"><a href=\"https:\/\/tim.cegep-lanaudiere.qc.ca\/multisites\/tim2-dev\/creation-de-site-web\/\" class=\"royalwp-readmore\">Lire plus <i class=\"far fa-hand-point-right\"><\/i><\/a><\/div>\n","protected":false},"author":10,"featured_media":0,"parent":0,"menu_order":0,"comment_status":"closed","ping_status":"closed","template":"","meta":{"footnotes":""},"_links":{"self":[{"href":"https:\/\/tim.cegep-lanaudiere.qc.ca\/multisites\/tim2-dev\/wp-json\/wp\/v2\/pages\/736"}],"collection":[{"href":"https:\/\/tim.cegep-lanaudiere.qc.ca\/multisites\/tim2-dev\/wp-json\/wp\/v2\/pages"}],"about":[{"href":"https:\/\/tim.cegep-lanaudiere.qc.ca\/multisites\/tim2-dev\/wp-json\/wp\/v2\/types\/page"}],"author":[{"embeddable":true,"href":"https:\/\/tim.cegep-lanaudiere.qc.ca\/multisites\/tim2-dev\/wp-json\/wp\/v2\/users\/10"}],"replies":[{"embeddable":true,"href":"https:\/\/tim.cegep-lanaudiere.qc.ca\/multisites\/tim2-dev\/wp-json\/wp\/v2\/comments?post=736"}],"version-history":[{"count":5,"href":"https:\/\/tim.cegep-lanaudiere.qc.ca\/multisites\/tim2-dev\/wp-json\/wp\/v2\/pages\/736\/revisions"}],"predecessor-version":[{"id":1069,"href":"https:\/\/tim.cegep-lanaudiere.qc.ca\/multisites\/tim2-dev\/wp-json\/wp\/v2\/pages\/736\/revisions\/1069"}],"wp:attachment":[{"href":"https:\/\/tim.cegep-lanaudiere.qc.ca\/multisites\/tim2-dev\/wp-json\/wp\/v2\/media?parent=736"}],"curies":[{"name":"wp","href":"https:\/\/api.w.org\/{rel}","templated":true}]}}